{"version":"1.0","provider_name":"Blog ENTELCO TELECOM","provider_url":"https:\/\/www.entelco.com.br\/blog","author_name":"Entelco","author_url":"https:\/\/www.entelco.com.br\/blog\/author\/admin\/","title":"Aprova\u00e7\u00e3o da \"Lei de Antenas\" tem grande import\u00e2ncia. - Blog ENTELCO TELECOM","type":"rich","width":600,"height":338,"html":"<blockquote class=\"wp-embedded-content\" data-secret=\"eZFXYm15rh\"><a href=\"https:\/\/www.entelco.com.br\/blog\/aprovacao-da-lei-de-antenas-tem-grande-importancia\/\">Aprova\u00e7\u00e3o da &#8220;Lei de Antenas&#8221; tem grande import\u00e2ncia.<\/a><\/blockquote><iframe sandbox=\"allow-scripts\" security=\"restricted\" src=\"https:\/\/www.entelco.com.br\/blog\/aprovacao-da-lei-de-antenas-tem-grande-importancia\/embed\/#?secret=eZFXYm15rh\" width=\"600\" height=\"338\" title=\"&#8220;Aprova\u00e7\u00e3o da &#8220;Lei de Antenas&#8221; tem grande import\u00e2ncia.&#8221; &#8212; Blog ENTELCO TELECOM\" data-secret=\"eZFXYm15rh\" frameborder=\"0\" marginwidth=\"0\" marginheight=\"0\" scrolling=\"no\" class=\"wp-embedded-content\"><\/iframe><script type=\"text\/javascript\">\n\/*! This file is auto-generated *\/\n!function(c,d){\"use strict\";var e=!1,o=!1;if(d.querySelector)if(c.addEventListener)e=!0;if(c.wp=c.wp||{},c.wp.receiveEmbedMessage);else if(c.wp.receiveEmbedMessage=function(e){var t=e.data;if(!t);else if(!(t.secret||t.message||t.value));else if(\/[^a-zA-Z0-9]\/.test(t.secret));else{for(var r,s,a,i=d.querySelectorAll('iframe[data-secret=\"'+t.secret+'\"]'),n=d.querySelectorAll('blockquote[data-secret=\"'+t.secret+'\"]'),o=new RegExp(\"^https?:$\",\"i\"),l=0;l<n.length;l++)n[l].style.display=\"none\";for(l=0;l<i.length;l++)if(r=i[l],e.source!==r.contentWindow);else{if(r.removeAttribute(\"style\"),\"height\"===t.message){if(1e3<(s=parseInt(t.value,10)))s=1e3;else if(~~s<200)s=200;r.height=s}if(\"link\"===t.message)if(s=d.createElement(\"a\"),a=d.createElement(\"a\"),s.href=r.getAttribute(\"src\"),a.href=t.value,!o.test(a.protocol));else if(a.host===s.host)if(d.activeElement===r)c.top.location.href=t.value}}},e)c.addEventListener(\"message\",c.wp.receiveEmbedMessage,!1),d.addEventListener(\"DOMContentLoaded\",t,!1),c.addEventListener(\"load\",t,!1);function t(){if(o);else{o=!0;for(var e,t,r,s=-1!==navigator.appVersion.indexOf(\"MSIE 10\"),a=!!navigator.userAgent.match(\/Trident.*rv:11\\.\/),i=d.querySelectorAll(\"iframe.wp-embedded-content\"),n=0;n<i.length;n++){if(!(r=(t=i[n]).getAttribute(\"data-secret\")))r=Math.random().toString(36).substr(2,10),t.src+=\"#?secret=\"+r,t.setAttribute(\"data-secret\",r);if(s||a)(e=t.cloneNode(!0)).removeAttribute(\"security\"),t.parentNode.replaceChild(e,t);t.contentWindow.postMessage({message:\"ready\",secret:r},\"*\")}}}}(window,document);\n<\/script>\n","description":"Nessa \u00faltima quarta-feira (19), Maximiliano Martinh\u00e3o participou de audi\u00eancia p\u00fablica na C\u00e2mara dos Deputados O secret\u00e1rio de Telecomunica\u00e7\u00f5es do Minist\u00e9rio das Comunica\u00e7\u00f5es, ressaltou, nessa quarta-feira (19), durante audi\u00eancia p\u00fablica realizada na C\u00e2mara dos Deputados, em Bras\u00edlia, a import\u00e2ncia da aprova\u00e7\u00e3o da Lei de Antenas para garantir a implementa\u00e7\u00e3o dos projetos beneficiados pelo Regime Especial de [&hellip;]","thumbnail_url":"http:\/\/www.entelco.com.br\/blog\/wp-content\/uploads\/2014\/11\/Torre-Antenas-ENTELCO.png"}

Aprovação da "Lei de Antenas" tem grande importância. - Blog ENTELCO TELECOM

<blockquote class="wp-embedded-content" data-secret="eZFXYm15rh"><a href="https://www.entelco.com.br/blog/aprovacao-da-lei-de-antenas-tem-grande-importancia/">Aprovação da &#8220;Lei de Antenas&#8221; tem grande importância.</a></blockquote><iframe sandbox="allow-scripts" security="restricted" src="https://www.entelco.com.br/blog/aprovacao-da-lei-de-antenas-tem-grande-importancia/embed/#?secret=eZFXYm15rh" width="600" height="338" title="&#8220;Aprovação da &#8220;Lei de Antenas&#8221; tem grande importância.&#8221; &#8212; Blog ENTELCO TELECOM" data-secret="eZFXYm15rh" frameborder="0" marginwidth="0" marginheight="0" scrolling="no" class="wp-embedded-content"></iframe><script type="text/javascript">
/*! This file is auto-generated */
!function(c,d){"use strict";var e=!1,o=!1;if(d.querySelector)if(c.addEventListener)e=!0;if(c.wp=c.wp||{},c.wp.receiveEmbedMessage);else if(c.wp.receiveEmbedMessage=function(e){var t=e.data;if(!t);else if(!(t.secret||t.message||t.value));else if(/[^a-zA-Z0-9]/.test(t.secret));else{for(var r,s,a,i=d.querySelectorAll('iframe[data-secret="'+t.secret+'"]'),n=d.querySelectorAll('blockquote[data-secret="'+t.secret+'"]'),o=new RegExp("^https?:$","i"),l=0;l<n.length;l++)n[l].style.display="none";for(l=0;l<i.length;l++)if(r=i[l],e.source!==r.contentWindow);else{if(r.removeAttribute("style"),"height"===t.message){if(1e3<(s=parseInt(t.value,10)))s=1e3;else if(~~s<200)s=200;r.height=s}if("link"===t.message)if(s=d.createElement("a"),a=d.createElement("a"),s.href=r.getAttribute("src"),a.href=t.value,!o.test(a.protocol));else if(a.host===s.host)if(d.activeElement===r)c.top.location.href=t.value}}},e)c.addEventListener("message",c.wp.receiveEmbedMessage,!1),d.addEventListener("DOMContentLoaded",t,!1),c.addEventListener("load",t,!1);function t(){if(o);else{o=!0;for(var e,t,r,s=-1!==navigator.appVersion.indexOf("MSIE 10"),a=!!navigator.userAgent.match(/Trident.*rv:11\./),i=d.querySelectorAll("iframe.wp-embedded-content"),n=0;n<i.length;n++){if(!(r=(t=i[n]).getAttribute("data-secret")))r=Math.random().toString(36).substr(2,10),t.src+="#?secret="+r,t.setAttribute("data-secret",r);if(s||a)(e=t.cloneNode(!0)).removeAttribute("security"),t.parentNode.replaceChild(e,t);t.contentWindow.postMessage({message:"ready",secret:r},"*")}}}}(window,document);
</script>

Nessa última quarta-feira (19), Maximiliano Martinhão participou de audiência pública na Câmara dos Deputados O secretário de Telecomunicações do Ministério das Comunicações, ressaltou, nessa quarta-feira (19), durante audiência pública realizada na Câmara dos Deputados, em Brasília, a importância da aprovação da Lei de Antenas para garantir a implementação dos projetos beneficiados pelo Regime Especial de [&hellip;]
